 of 9849142?
2, 4924571
List the prime factors of 396047.
211, 1877
List the prime factors of 106051.
11, 31, 311
List the prime factors of 15452.
2, 3863
What are the prime factors of 526523?
311, 1693
List the prime factors of 695498.
2, 317, 1097
What are the prime factors of 76880?
2, 5, 31
List the prime factors of 1766325.
3, 5, 11, 2141
List the prime factors of 11076023.
7, 211, 7499
What are the prime factors of 566939?
566939
What are the prime factors of 2661939?
3, 7, 29, 31, 47
List the prime factors of 451771.
451771
What are the prime factors of 6953798?
2, 1627, 2137
List the prime factors of 2367997.
31, 76387
What are the prime factors of 7103552?
2, 17, 6529
List the prime factors of 202376.
2, 41, 617
List the prime factors of 10194110.
2, 5, 1019411
List the prime factors of 543546.
2, 3, 30197
What are the prime factors of 1484687?
643, 2309
What are the prime factors of 6862054?
2, 59, 58153
List the prime factors of 716268.
2, 3, 7, 8527
What are the prime factors of 2667027?
3, 11, 80819
List the prime factors of 3770163.
3, 509, 823
What are the prime factors of 130636?
2, 11, 2969
List the prime factors of 50104.
2, 6263
What are the prime factors of 2403105?
3, 5, 160207
What are the prime factors of 15022559?
19, 113, 6997
List the prime factors of 133270.
2, 5, 13327
List the prime factors of 1049507.
229, 4583
List the prime factors of 4052415.
3, 5, 19, 59, 241
What are the prime factors of 849457?
7, 121351
List the prime factors of 163353.
3, 17, 3203
What are the prime factors of 8833079?
67, 131837
List the prime factors of 408882.
2, 3, 68147
What are the prime factors of 22544395?
5, 4508879
What are the prime factors of 1938151?
31, 103, 607
What are the prime factors of 2848899?
3, 949633
What are the prime factors of 1306065?
3, 5, 87071
What are the prime factors of 12136671?
3, 281, 4799
List the prime factors of 380862.
2, 3, 2351
What are the prime factors of 2915266?
2, 1457633
List the prime factors of 184548.
2, 3, 7, 13
What are the prime factors of 134310?
2, 3, 5, 11, 37
What are the prime factors of 4650202?
2, 67, 34703
What are the prime factors of 1032951?
3, 29, 31, 383
List the prime factors of 395036.
2, 61, 1619
List the prime factors of 113921.
113921
List the prime factors of 25975.
5, 1039
List the prime factors of 300995.
5, 37, 1627
List the prime factors of 4441863.
3, 1480621
List the prime factors of 6127807.
7, 53, 83, 199
What are the prime factors of 153461?
7, 11, 1993
List the prime factors of 1438535.
5, 7, 23, 1787
List the prime factors of 3086.
2, 1543
What are the prime factors of 48677?
48677
What are the prime factors of 14237358?
2, 3, 2372893
What are the prime factors of 12813069?
3, 359, 11897
What are the prime factors of 1475081?
887, 1663
List the prime factors of 207835.
5, 197, 211
List the prime factors of 2944107.
3, 19, 1913
What are the prime factors of 535612?
2, 7, 11, 37, 47
What are the prime factors of 164414?
2, 82207
List the prime factors of 10984278.
2, 3, 17, 113, 953
What are the prime factors of 206270?
2, 5, 20627
What are the prime factors of 79081?
31, 2551
List the prime factors of 41872508.
2, 73, 193, 743
What are the prime factors of 65028?
2, 3, 5419
List the prime factors of 10021843.
13, 223, 3457
What are the prime factors of 2112363?
3, 11, 19, 1123
What are the prime factors of 282624?
2, 3, 23
List the prime factors of 17843.
7, 2549
List the prime factors of 354364.
2, 88591
List the prime factors of 24892202.
2, 12446101
List the prime factors of 793481.
13, 67, 911
What are the prime factors of 6002124?
2, 3, 500177
List the prime factors of 554190.
2, 3, 5, 7, 13, 29
What are the prime factors of 13183936?
2, 113, 1823
List the prime factors of 502341.
3, 7, 19, 1259
List the prime factors of 954095.
5, 173, 1103
What are the prime factors of 378029?
17, 37, 601
What are the prime factors of 148423?
11, 103, 131
What are the prime factors of 509044?
2, 127261
List the prime factors of 3326743.
7, 23, 20663
What are the prime factors of 254859?
3, 11, 7723
List the prime factors of 20594303.
20594303
List the prime factors of 276564.
2, 3, 19, 1213
List the prime factors of 375749.
11, 34159
List the prime factors of 2959772.
2, 739943
List the prime factors of 178420.
2, 5, 11, 811
List the prime factors of 102571.
7, 14653
What are the prime factors of 982723?
7, 29, 47, 103
What are the prime factors of 13245046?
2, 6622523
List the prime factors of 850024.
2, 7, 43, 353
What are the prime factors of 1089403?
7, 19, 8191
What are the prime factors of 15596801?
11, 1417891
What are the prime factors of 19328286?
2, 3, 17, 189493
List the prime factors of 2093506.
2, 23, 71, 641
What are the prime factors of 237551?
139, 1709
List the prime factors of 6601.
7, 23, 41
List the prime factors of 67692.
2, 3, 5641
What are the prime factors of 14874439?
17, 874967
What are the prime factors of 20865?
3, 5, 13, 107
List the prime factors of 4707561.
3, 1569187
List the prime factors of 9469432.
2, 7, 169097
List the prime factors of 2379035.
5, 475807
List the prime factors of 17687067.
3, 5895689
List the prime factors of 4985464.
2, 11, 181, 313
List the prime factors of 3260906.
2, 11, 17, 8719
What are the prime factors of 24917565?
3, 5, 499, 3329
What are the prime factors of 1364173?
157, 8689
What are the prime factors of 192431?
192431
List the prime factors of 2565826.
2, 1282913
List the prime factors of 7930863.
3, 881207
List the prime factors of 219704.
2, 29, 947
What are the prime factors of 2556650?
2, 5, 51133
List the prime factors of 38738.
2, 7, 2767
List the prime factors of 1730694.
2, 3, 7, 89, 463
What are the prime factors of 58250?
2, 5, 233
List the prime factors of 2465500.
2, 5, 4931
What are the prime factors of 4975282?
2, 13, 61, 3137
What are the prime factors of 3172064?
2, 7, 17
What are the prime factors of 27070831?
1801, 15031
What are the prime factors of 2789698?
2, 1394849
List the prime factors of 4768481.
4768481
List the prime factors of 1047267.
3, 13, 8951
What are the prime factors of 14071084?
2, 673, 5227
What are the prime factors of 2445657?
3, 29, 28111
List the prime factors of 115768.
2, 29, 499
What are the prime factors of 100484?
2, 25121
List the prime factors of 903436.
2, 225859
What are the prime factors of 2677113?
3, 297457
List the prime factors of 906461.
906461
List the prime factors of 3599673.
3, 7, 11, 15583
List the prime factors of 1432680.
2, 3, 5, 11939
What are the prime factors of 613927?
757, 811
What are the prime factors of 202534?
2, 101267
What are the prime factors of 29381538?
2, 3, 4896923
What are the prime factors of 13320501?
3, 19, 233693
What are the prime factors of 134210?
2, 5, 13421
List the prime factors of 11589582.
2, 3, 19, 101663
What are the prime factors of 5090487?
3, 71, 23899
List the prime factors of 2007096.
2, 3, 7, 13, 919
List the prime factors of 95524.
2, 11, 13, 167
What are the prime factors of 82455?
3, 5, 23, 239
List the prime factors of 9775940.
2, 5, 488797
What are the prime factors of 404337?
3, 53, 2543
What are the prime factors of 356930?
2, 5, 7, 5099
List the prime factors of 8623236.
2, 3, 718603
What are the prime factors of 487504?
2, 30469
What are the prime factors of 740094?
2, 3, 23, 31, 173
What are the prime factors of 90063?
3, 10007
What are the prime factors of 828303?
3, 7, 39443
What are the prime factors of 12784391?
17, 752023
What are the prime factors of 497578?
2, 248789
What are the prime factors of 26695038?
2, 3, 19, 234167
What are the prime factors of 7317460?
2, 5, 151, 2423
What are the prime factors of 14340369?
3, 53, 90191
What are the prime factors of 1040207?
7, 181, 821
List the prime factors of 22712199.
3, 7570733
List the prime factors of 368955.
3, 5, 911
List the prime factors of 3560063.
13, 53, 5167
What are the prime factors of 160033?
160033
List the prime factors of 2188721.
521, 4201
List the prime factors of 232385.
5, 46477
List the prime factors of 228160.
2, 5, 23, 31
What are the prime factors of 4696?
2, 587
What are the prime factors of 132066?
2, 3, 11, 23, 29
What are the prime factors of 9038318?
2, 467, 9677
What are the prime factors of 1213159?
43